 Let x be w(y). Calculate the greatest common divisor of x and 37.
37
Let c = -32 + 37. Suppose 0 = 5*x - a - 90, 0*x - c*a = x - 18. Calculate the greatest common divisor of 198 and x.
18
Let z(v) = -35*v - 5. Let s(q) = -q. Let m(k) = 50*s(k) - 2*z(k). Let p be m(8). What is the highest common factor of 34 and p?
34
Suppose 42 - 7 = 7*n. Suppose -3*o = -5*f + 1110, -3*f - n*o = 420 - 1120. What is the highest common factor of 90 and f?
45
Let p be (2 + -1)*(-1 - -2). Suppose -12*s = 2*z - 8*s - 18, 3*z = -s + 27. Calculate the highest common divisor of z and p.
1
Suppose -784 = -67*h - 31*h. Calculate the greatest common factor of h and 824.
8
Let c(u) = -u + 5. Let t be c(5). Suppose -3*j - j + 528 = t. Let z(p) = -2*p - 2. Let g be z(-7). Calculate the highest common factor of j and g.
12
Let n be (71/(-3))/((52/168)/(-13)). Suppose -n = -5*y - 2*t, -3*t - 459 = -3*y + 129. Suppose 0 = -5*f + f + 72. What is the highest common divisor of f and y?
18
Suppose 5*d - 3*b + 8 = 207, 5*b = 4*d - 167. Let n = 44 - d. Suppose -n*r + 448 = 2*r. Calculate the greatest common divisor of 28 and r.
28
Let v = 16 - -32. Let y(f) = 17*f - 5. Let m be y(5). Suppose 3*h + m = 8*h. Calculate the highest common divisor of h and v.
16
Suppose 3*y - 36 = -3*h, -5*h + 5*y = -82 + 2. Suppose 0 = 4*r - 15 - 61. Suppose 5*t = 51 + r. What is the greatest common divisor of t and h?
14
Let o(c) = -3*c + 59. Let t be o(7). Calculate the highest common factor of 266 and t.
38
Let i = 31 - 26. Suppose -4*k + 35 = r - 9*k, -5*r - i*k = -145. What is the highest common factor of r and 10?
10
Suppose 3*a + 90 = -96. Let v = 73 + a. Calculate the highest common divisor of v and 55.
11
Suppose -20 = -10*l - 0. What is the greatest common divisor of 3 and l?
1
Let r = 42 - -3. Suppose 0 = -4*m - r + 177. Let f = m + -11. Calculate the highest common divisor of 33 and f.
11
Let i(z) = z**2. Let l be i(-1). Let r be 1/(-1) + (l + -7 - -46). What is the greatest common divisor of r and 26?
13
Suppose 1436 = -2*c - 3*v - 2614, 0 = c - 2*v + 2032. Let s be 4/(-6) - c/18. Suppose 0 = -0*l - 4*l + s. What is the highest common divisor of 4 and l?
4
Suppose -3*j - o - 60 = -5*j, 0 = -4*j - 3*o + 140. Suppose -3*y = 4*z - 68, -9*y + 6*y + 2*z + 38 = 0. What is the greatest common divisor of y and j?
16
Suppose -15*d + 12*d - 5*c + 1129 = 0, -2*d + 5*c = -711. Calculate the greatest common divisor of 80 and d.
16
Suppose 0 = 3*p - 5 - 787. Let l be (-6)/(-24) - (-95)/4. Calculate the highest common factor of p and l.
24
Let f(v) = v**3 - 25*v**2 + 23*v + 35. Let r be f(24). Let c be 2 + (1 + -11)*-2. What is the greatest common divisor of c and r?
11
Let q(o) = -o**3 - 39*o**2 - 38*o + 1. Let s be q(-38). Calculate the highest common divisor of s and 73.
1
Suppose 4*z - 33 = -9. Suppose x - z = v - 25, -20 = -4*x. Let g(y) = 4*y**2 - y. Let l be g(4). What is the greatest common factor of v and l?
12
Suppose 0 = -3480*q + 3489*q - 468. Calculate the highest common factor of q and 884.
52
Let s(a) = 11*a**2 + 2*a + 1. Let n be s(-1). Let f = n - 9. Let p be (-45)/6*2/(-3). What is the greatest common factor of p and f?
1
Let x = 320 - -170. Calculate the greatest common divisor of x and 49.
49
Let d = 5 - -23. Suppose -20*j = 27*j - 1316. Calculate the greatest common factor of d and j.
28
Let h be -2*(-62 - 14)*(-1)/(-2). What is the highest common factor of h and 646?
38
Let p = 29 + -18. Let l be 4/(-8) - p/(-2). Let q be (2*-4)/(l/(-45)). Calculate the highest common divisor of q and 18.
18
Let u = 7 + -5. Let d be ((-15)/u)/(3/(-36)). Let r = -20 - -38. Calculate the highest common divisor of d and r.
18
Let j = 10 + -17. Let w = j - -43. Let y be (-176)/308 - (-64)/14. What is the highest common factor of w and y?
4
Suppose 0 = -2*i + 156 + 284. Suppose -5*g + g + i = 0. What is the greatest common divisor of g and 11?
11
Let q(m) = -14*m + 6. Let x(j) = -5*j + 2. Let t(c) = -6*q(c) + 17*x(c). Let v be t(-7). Suppose v*d - 166 = 14. What is the highest common factor of d and 24?
12
Let d(a) = -7*a + 52. Let h be d(-8). What is the highest common divisor of 12 and h?
12
Let t be (9/(-21) - 1)/(33/(-693)). Calculate the greatest common divisor of t and 12.
6
Let g(a) = 2*a**2 + a - 72. Let i be g(-8). What is the greatest common factor of i and 560?
16
Let v be (-42)/(-4)*(-72)/27. Let m be 7/(v/(-48)) + -3. Suppose -m = -2*q + 51. Calculate the greatest common factor of q and 6.
6
Let y = -34 + 44. Let p(r) be the second derivative of r**4/12 + 13*r**3/6 + 17*r**2/2 + 3*r. Let m be p(-12). Calculate the highest common factor of m and y.
5
Let s = 8 - -8. Let b = 16 + -16. Suppose 2*m + 2*m - 64 = b. Calculate the highest common factor of m and s.
16
Let r(n) = -289*n - 242. Let c be r(-2). What is the highest common factor of 16 and c?
16
Suppose -4 = -t + 20. Let r = 33380 + -33364. Calculate the greatest common factor of r and t.
8
Let w be -102 + (4 + 4 - 3). Let k = -49 - w. What is the highest common divisor of 12 and k?
12
Suppose 5*u - 3010 = 2*k, 0 = -u - 4*k + 8*k + 620. Calculate the highest common factor of u and 72.
24
Let k(i) = 13*i + 19*i**2 - 7*i - i**3 + 0*i**2 - 3 + 15*i. Let z be k(20). Calculate the greatest common divisor of 34 and z.
17
Let v be 5*(-2)/(((-32)/12)/(-4)). Let b = v - -35. What is the highest common divisor of 10 and b?
10
Let a = 206 + -204. Calculate the highest common divisor of a and 1.
1
Suppose -5*y + 178 = 2*q - 0*q, 4*y + 412 = 5*q. Let m = 162 - q. What is the highest common divisor of m and 39?
39
Let f be (-1 + (-2 - 1))*30/(-20). Suppose -3*m + f = 3*v, 0*m - 5 = -4*v - m. What is the highest common factor of 3 and v?
1
Let d be -4 + 168 + ((-3)/3 - -6). Calculate the highest common factor of 39 and d.
13
Suppose 0 = -5*r + 4*j + 8, -2*j + 11 = -r + 3*j. Let p(w) = 3*w**3 - 3*w**2 - 2*w - 4. Let a be p(3). Calculate the greatest common factor of r and a.
4
Let s = 10559 - 10460. Let k be 0/3 - (-22 + 0). What is the greatest common factor of k and s?
11
Let y(n) = -156*n**3 + 2*n**2 - n + 1. Let u be y(-1). Calculate the greatest common divisor of 35 and u.
5
Let t(c) = -3*c - 26. Let v be t(-11). Let n(w) = -w**2 + 7*w + 10. Let g be n(v). What is the highest common divisor of 90 and g?
10
Let y(q) = -21*q + 997. Let w be y(45). What is the highest common factor of 299 and w?
13
Suppose -30 + 86 = s. Let l = 99 + -70. Let k = 43 - l. Calculate the highest common factor of s and k.
14
Suppose -3*q + 5*x = -187, 5*q - 295 = -83*x + 88*x. Calculate the highest common divisor of 702 and q.
54
Let m(d) = d**2 + 23*d - 128. Let b be m(-47). Calculate the highest common factor of b and 80.
40
Let b = -15 + 91. What is the greatest common factor of b and 57?
19
Suppose 9*j = 6*j + 33. Suppose 0 = -j*x - 369 + 2217. Calculate the greatest common factor of 24 and x.
24
Let u(i) = i**2 - 3*i + 2. Let f be u(3). Suppose 3*l + 136 = -5*z, 4*l = -2*z + 6*l - 48. Let g = 42 + z. What is the greatest common factor of f and g?
2
Let z(t) = t**3 + 4*t**2 - t + 1. Let m be z(-4). Suppose 36 = 4*w + 28. What is the highest common factor of m and w?
1
Let l = -13 + 16. Suppose -5 + 1 = -3*h - c, 3*h + 12 = l*c. Suppose z + 3 = h, o + 3*z = -o + 9. What is the highest common factor of 36 and o?
9
Let y = 22 - 16. Let c(m) = -m**2 - 10*m + 4. Let a be c(-9). Suppose 49 = 2*i + a. What is the greatest common factor of i and y?
6
Let i = -767 + 805. What is the highest common divisor of i and 14?
2
Let k be (42 - 0) + (-9)/1. Let y be ((-21)/(-7))/((-2)/(-154)). What is the greatest common factor of k and y?
33
Let b(q) = -q**2 + 10*q - 8. Let z be b(8). Let l be z - -2*(-1)/(-2). Let j = -3769 - -3841. What is the highest common factor of j and l?
9
Suppose 34*b - 13 = 33*b. Let l = 7 + 4. Let a be 3/(9/6) + l. What is the greatest common factor of b and a?
13
Suppose 0 = -2*b - 3*b + 100. Let q = 9683 + -9463. What is the highest common factor of b and q?
20
Suppose -y = -5*y + 20. Suppose y*x - a - 18 = 2*x, 3*a + 26 = 5*x. Calculate the greatest common divisor of x and 49.
7
Let o = 183 - 106. Let d(g) = -g**3 - 1. Let j be d(-2). What is the greatest common factor of j and o?
7
Suppose p = 11*m - 7*m + 3, p + m - 28 = 0. Let s(l) = -l**3 + 9*l**2